 is the greatest common divisor of 2221777 and 327497?
667
What is the highest common divisor of 469848 and 201?
3
Calculate the highest common factor of 118 and 378836522.
118
What is the greatest common factor of 9180997 and 1653659?
4907
What is the greatest common divisor of 1030500 and 4700?
100
Calculate the greatest common divisor of 155623270 and 748.
374
What is the greatest common factor of 144723619 and 547?
547
Calculate the greatest common divisor of 94 and 68508422.
94
Calculate the highest common factor of 463 and 19834457.
463
What is the highest common factor of 8619 and 13167843?
663
Calculate the greatest common factor of 3780 and 583212.
84
Calculate the greatest common divisor of 2071392 and 840.
24
Calculate the highest common factor of 2935130 and 242.
22
What is the highest common factor of 146 and 622252?
146
What is the greatest common factor of 256831315 and 65?
65
Calculate the highest common factor of 195 and 79389115.
65
What is the greatest common factor of 56 and 8435192?
8
What is the highest common divisor of 17686 and 16608827?
239
What is the highest common divisor of 63472 and 68863153?
3967
What is the highest common divisor of 3299709 and 3381?
147
Calculate the highest common factor of 35296 and 580304.
16
What is the greatest common factor of 285635 and 10885?
35
What is the greatest common factor of 12780 and 87660?
180
Calculate the greatest common factor of 678 and 1269884169.
339
What is the highest common factor of 220 and 4840000?
220
What is the highest common factor of 4136112 and 477?
9
What is the highest common divisor of 114336 and 607538628?
14292
Calculate the greatest common divisor of 734375 and 142175.
1175
Calculate the greatest common divisor of 59203 and 449023.
73
What is the highest common factor of 41208420 and 870?
870
What is the highest common factor of 129 and 19339723?
43
What is the greatest common factor of 96 and 19613424?
48
Calculate the greatest common divisor of 1896 and 10087431.
237
Calculate the greatest common factor of 189707 and 2007565.
287
What is the highest common factor of 2432320 and 36160?
320
What is the highest common divisor of 16005640 and 6020?
140
Calculate the greatest common divisor of 30299 and 1537859.
739
Calculate the greatest common divisor of 287820 and 11205.
135
What is the highest common factor of 57919080 and 400?
40
What is the highest common divisor of 1909 and 26477?
83
What is the highest common divisor of 646703883 and 1281?
1281
What is the greatest common divisor of 1032359 and 85?
17
Calculate the greatest common factor of 533762 and 13912.
74
Calculate the highest common factor of 935637 and 89397.
129
What is the greatest common divisor of 8706 and 329513394?
8706
What is the highest common divisor of 47861 and 110846?
19
What is the greatest common factor of 6476370 and 610?
610
Calculate the highest common divisor of 601455 and 332795.
505
Calculate the greatest common factor of 88785 and 680175.
45
Calculate the greatest common divisor of 4633170 and 8040.
30
Calculate the greatest common factor of 398137 and 4582811.
8471
Calculate the highest common factor of 2494904 and 23168.
1448
What is the highest common factor of 12736920 and 861105?
6195
Calculate the greatest common divisor of 34 and 59226.
2
Calculate the highest common divisor of 21416007 and 4329.
111
What is the highest common factor of 8900472 and 26040?
5208
Calculate the greatest common divisor of 490 and 21051478.
98
What is the greatest common factor of 234473537 and 10047?
3349
Calculate the highest common divisor of 18463 and 3661662.
499
Calculate the highest common factor of 592915105 and 235.
235
What is the highest common divisor of 3949290 and 15930?
270
Calculate the greatest common factor of 70460 and 832.
52
Calculate the highest common factor of 30651 and 4347033.
1803
Calculate the greatest common divisor of 30 and 2603514.
6
Calculate the highest common factor of 3247605 and 480.
15
What is the greatest common factor of 737862152 and 680?
136
Calculate the greatest common factor of 5636 and 1500585.
1409
Calculate the highest common divisor of 72 and 9078426.
18
What is the highest common divisor of 271 and 73747501?
271
Calculate the greatest common factor of 6190236 and 2808.
1404
What is the highest common factor of 1582 and 11626909?
791
What is the highest common divisor of 98742 and 25242?
42
Calculate the highest common divisor of 54 and 27977274.
18
Calculate the highest common divisor of 14714 and 39956.
14
Calculate the greatest common factor of 40 and 9438544.
8
What is the greatest common divisor of 116191791 and 414?
207
Calculate the greatest common factor of 104 and 19836362.
26
What is the greatest common divisor of 230731 and 17005777?
1289
Calculate the greatest common divisor of 9659933 and 7976.
997
Calculate the highest common divisor of 768677 and 32123.
91
What is the greatest common divisor of 59408 and 43968?
16
Calculate the greatest common factor of 19385 and 2920.
5
Calculate the greatest common factor of 613962 and 3618.
18
What is the greatest common factor of 5313 and 76776?
21
What is the highest common factor of 14891825 and 100?
25
What is the highest common factor of 1324 and 639101420?
1324
What is the greatest common factor of 2562 and 6066228?
42
What is the greatest common divisor of 120 and 57803820?
60
Calculate the highest common factor of 517769 and 1547.
119
What is the greatest common divisor of 174921796 and 11144?
5572
Calculate the highest common factor of 952255 and 5851920.
3295
What is the highest common factor of 38909 and 1743443?
533
Calculate the greatest common divisor of 126706919 and 18884.
4721
What is the highest common factor of 176 and 50465668?
44
What is the highest common divisor of 2100410325 and 767?
767
What is the highest common divisor of 3444 and 60391401?
861
What is the greatest common divisor of 1269 and 1256904?
27
What is the greatest common factor of 9681930 and 540?
270
Calculate the greatest common factor of 29473250 and 775.
775
Calculate the highest common divisor of 25760 and 63295540.
3220
What is the greatest common divisor of 772445 and 6929680?
4465
What is the greatest common divisor of 636954 and 1410112?
4006
What is the highest common divisor of 4430 and 495798955?
2215
Calculate the greatest common factor of 9818160 and 21520.
80
What is the greatest common factor of 65 and 68375099?
13
Calculate the highest common factor of 17245 and 18824642.
3449
Calculate the highest common divisor of 5058171 and 9.
9
What is the highest common factor of 30797864 and 1119?
373
What is the highest common factor of 13734 and 7925826?
654
Calculate the greatest common factor of 62825020 and 190.
190
Calculate the greatest common factor of 1405441 and 731.
17
Calculate the highest common factor of 1227 and 2365247.
409
What is the greatest common divisor of 249682325 and 950?
475
What is the greatest common factor of 5920 and 127840?
160
What is the greatest common divisor of 3569 and 711779?
43
Calculate the greatest common divisor of 99962 and 1134010.
302
Calculate the greatest common divisor of 5096703 and 453.
453
What is the greatest common divisor of 940 and 29230?
10
What is the highest common divisor of 1152 and 483115968?
576
Calculate the highest common divisor of 7332 and 13963716.
156
What is the greatest common divisor of 32540964 and 12?
12
Calculate the highest common factor of 9072 and 87404832.
1296
What is the highest common factor of 613 and 303758051?
613
Calculate the highest common divisor of 9146 and 1087490.
34
Calculate the highest common factor of 16 and 5324793.
1
What is the greatest common divisor of 63 and 1503586?
7
Calculate the greatest common factor of 29340 and 480.
60
What is the greatest common factor of 56 and 178611692?
28
Calculate the highest common divisor of 1791 and 12521.
1
Calculate the greatest common factor of 490 and 71357790.
70
What is the highest common divisor of 649797 and 104876?
167
What is the greatest common factor of 74376864 and 288?
288
Calculate the greatest common divisor of 3398020 and 22517.
2047
What is the highest common factor of 23783 and 993497?
17
Calculate the greatest common divisor of 2896880 